s of 7185.
3, 5, 479
What are the prime factors of 1355?
5, 271
List the prime factors of 9047.
83, 109
List the prime factors of 5191.
29, 179
List the prime factors of 50198.
2, 19, 1321
List the prime factors of 4576.
2, 11, 13
List the prime factors of 524.
2, 131
List the prime factors of 4086.
2, 3, 227
List the prime factors of 8015.
5, 7, 229
List the prime factors of 7384.
2, 13, 71
What are the prime factors of 141721?
19, 7459
List the prime factors of 239.
239
What are the prime factors of 654?
2, 3, 109
List the prime factors of 10605.
3, 5, 7, 101
List the prime factors of 170546.
2, 269, 317
What are the prime factors of 6242?
2, 3121
List the prime factors of 22461.
3, 7487
What are the prime factors of 2895?
3, 5, 193
What are the prime factors of 33539?
11, 3049
List the prime factors of 5825.
5, 233
List the prime factors of 3632.
2, 227
List the prime factors of 12939.
3, 19, 227
List the prime factors of 19089.
3, 7, 101
What are the prime factors of 26540?
2, 5, 1327
List the prime factors of 1816.
2, 227
What are the prime factors of 21518?
2, 7, 29, 53
What are the prime factors of 82445?
5, 11, 1499
List the prime factors of 10382.
2, 29, 179
List the prime factors of 5515.
5, 1103
List the prime factors of 2195.
5, 439
What are the prime factors of 18296?
2, 2287
List the prime factors of 94491.
3, 10499
What are the prime factors of 17507?
7, 41, 61
List the prime factors of 45756.
2, 3, 31, 41
What are the prime factors of 5?
5
List the prime factors of 6034.
2, 7, 431
List the prime factors of 1379.
7, 197
List the prime factors of 37255.
5, 7451
List the prime factors of 90223.
7, 12889
List the prime factors of 7443.
3, 827
What are the prime factors of 48832?
2, 7, 109
List the prime factors of 49481.
49481
List the prime factors of 140099.
29, 4831
What are the prime factors of 1977?
3, 659
What are the prime factors of 13980?
2, 3, 5, 233
List the prime factors of 39400.
2, 5, 197
List the prime factors of 187.
11, 17
What are the prime factors of 63216?
2, 3, 439
What are the prime factors of 101?
101
What are the prime factors of 27799?
27799
List the prime factors of 7468.
2, 1867
What are the prime factors of 31403?
31, 1013
What are the prime factors of 54024?
2, 3, 2251
List the prime factors of 6691.
6691
List the prime factors of 111306.
2, 3, 13, 1427
List the prime factors of 148.
2, 37
List the prime factors of 1358.
2, 7, 97
What are the prime factors of 6181?
7, 883
List the prime factors of 41531.
7, 17, 349
What are the prime factors of 872?
2, 109
List the prime factors of 111612.
2, 3, 71, 131
List the prime factors of 130796.
2, 19, 1721
List the prime factors of 1148.
2, 7, 41
List the prime factors of 4054.
2, 2027
List the prime factors of 6281.
11, 571
What are the prime factors of 7693?
7, 157
List the prime factors of 12792.
2, 3, 13, 41
List the prime factors of 3217.
3217
List the prime factors of 866.
2, 433
What are the prime factors of 80451?
3, 7, 1277
List the prime factors of 226.
2, 113
What are the prime factors of 745?
5, 149
List the prime factors of 4994.
2, 11, 227
What are the prime factors of 12786?
2, 3, 2131
What are the prime factors of 2353?
13, 181
List the prime factors of 7031.
79, 89
List the prime factors of 5774.
2, 2887
List the prime factors of 6750.
2, 3, 5
List the prime factors of 11585.
5, 7, 331
What are the prime factors of 547?
547
What are the prime factors of 780?
2, 3, 5, 13
What are the prime factors of 101702?
2, 211, 241
What are the prime factors of 19455?
3, 5, 1297
What are the prime factors of 4397?
4397
List the prime factors of 7.
7
What are the prime factors of 1775?
5, 71
What are the prime factors of 4295?
5, 859
What are the prime factors of 12675?
3, 5, 13
List the prime factors of 732.
2, 3, 61
List the prime factors of 145.
5, 29
List the prime factors of 51949.
51949
List the prime factors of 456.
2, 3, 19
What are the prime factors of 11685?
3, 5, 19, 41
List the prime factors of 62215.
5, 23, 541
List the prime factors of 1856.
2, 29
What are the prime factors of 3094?
2, 7, 13, 17
What are the prime factors of 16424?
2, 2053
What are the prime factors of 102?
2, 3, 17
What are the prime factors of 7185?
3, 5, 479
List the prime factors of 6835.
5, 1367
What are the prime factors of 3098?
2, 1549
What are the prime factors of 21466?
2, 10733
List the prime factors of 2342.
2, 1171
List the prime factors of 960.
2, 3, 5
What are the prime factors of 28944?
2, 3, 67
List the prime factors of 39616.
2, 619
List the prime factors of 3957.
3, 1319
List the prime factors of 583.
11, 53
What are the prime factors of 20287?
20287
What are the prime factors of 6211?
6211
List the prime factors of 537.
3, 179
What are the prime factors of 110851?
13, 8527
List the prime factors of 21182.
2, 7, 17, 89
List the prime factors of 4097.
17, 241
What are the prime factors of 50954?
2, 73, 349
List the prime factors of 55191.
3, 18397
What are the prime factors of 1322?
2, 661
What are the prime factors of 91462?
2, 7, 47, 139
What are the prime factors of 821?
821
List the prime factors of 43083.
3, 4787
List the prime factors of 1385.
5, 277
List the prime factors of 1999.
1999
List the prime factors of 5443.
5443
What are the prime factors of 199?
199
List the prime factors of 9707.
17, 571
List the prime factors of 2226.
2, 3, 7, 53
List the prime factors of 1606.
2, 11, 73
What are the prime factors of 28310?
2, 5, 19, 149
What are the prime factors of 7136?
2, 223
List the prime factors of 3841.
23, 167
What are the prime factors of 1713?
3, 571
What are the prime factors of 41960?
2, 5, 1049
What are the prime factors of 3747?
3, 1249
List the prime factors of 23229.
3, 29, 89
What are the prime factors of 5092?
2, 19, 67
What are the prime factors of 9235?
5, 1847
List the prime factors of 58028.
2, 89, 163
List the prime factors of 931.
7, 19
What are the prime factors of 5145?
3, 5, 7
What are the prime factors of 1977?
3, 659
What are the prime factors of 52618?
2, 26309
What are the prime factors of 44998?
2, 149, 151
List the prime factors of 2441.
2441
List the prime factors of 13179.
3, 23, 191
List the prime factors of 544.
2, 17
What are the prime factors of 138?
2, 3, 23
What are the prime factors of 6246?
2, 3, 347
What are the prime factors of 6267?
3, 2089
What are the prime factors of 35060?
2, 5, 1753
List the prime factors of 7592.
2, 13, 73
List the prime factors of 2582.
2, 1291
What are the prime factors of 91148?
2, 22787
What are the prime factors of 12658?
2, 6329
What are the prime factors of 9387?
3, 7, 149
List the prime factors of 102248.
2, 12781
What are the prime factors of 174?
2, 3, 29
What are the prime factors of 17108?
2, 7, 13, 47
List the prime factors of 1489.
1489
List the prime factors of 1914.
2, 3, 11, 29
List the prime factors of 19260.
2, 3, 5, 107
What are the prime factors of 91501?
37, 2473
What are the prime factors of 178?
2, 89
What are the prime factors of 862?
2, 431
What are the prime factors of 2910?
2, 3, 5, 97
What are the prime factors of 5894?
2, 7, 421
List the prime factors of 16082.
2, 11, 17, 43
List the prime factors of 315.
3, 5, 7
What are the prime factors of 12503?
12503
What are the prime factors of 13411?
13411
List the prime factors of 66955.
5, 7, 1913
List the prime factors of 68787.
3, 7643
List the prime factors of 2628.
2, 3, 73
What are the prime factors of 4070?
2, 5, 11, 37
List the prime factors of 32238.
2, 3, 199
What are the prime factors of 45980?
2, 5, 11, 19
What are the prime factors of 21156?
2, 3, 41, 43
What are the prime factors of 6103?
17, 359
What are the prime factors of 9307?
41, 227
List the prime factors of 57286.
2, 28643
List the prime factors of 123112.
2, 11, 1399
What are the prime factors of 7529?
7529
What are the prime factors of 18723?
3, 79
List the prime factors of 7959.
3, 7, 379
What are the prime factors of 98616?
2, 3, 7, 587
List the prime factors of 12260.
2, 5, 613
List the prime factors of 2929.
29, 101
What are the prime factors of 4214?
2, 7, 43
What are the prime factors of 32784?
2, 3, 683
List the prime factors of 3010.
2, 5, 7, 43
What are the prime factors of 3974?
2, 1987
List the prime factors of 10882.
2, 5441
W